ivisor of 28 and 280?
28
What is the highest common divisor of 35 and 1505?
35
What is the highest common divisor of 8 and 10?
2
What is the highest common divisor of 345 and 552?
69
Calculate the greatest common divisor of 217 and 31.
31
What is the greatest common factor of 171 and 57?
57
What is the greatest common divisor of 848 and 159?
53
What is the greatest common divisor of 1100 and 80?
20
What is the highest common factor of 1460 and 60?
20
What is the highest common factor of 206 and 6?
2
What is the greatest common factor of 493 and 3009?
17
What is the highest common divisor of 279 and 27?
9
Calculate the greatest common divisor of 1256 and 32.
8
Calculate the highest common factor of 62 and 682.
62
Calculate the greatest common factor of 161 and 8119.
23
What is the greatest common divisor of 1886 and 46?
46
Calculate the greatest common divisor of 954 and 24.
6
Calculate the highest common divisor of 19 and 19.
19
Calculate the greatest common divisor of 13 and 1729.
13
What is the greatest common factor of 3269 and 14?
7
What is the greatest common factor of 60 and 2130?
30
Calculate the greatest common factor of 18073 and 62.
31
What is the greatest common factor of 160 and 11840?
160
What is the greatest common factor of 7110 and 450?
90
What is the highest common divisor of 159 and 15635?
53
Calculate the greatest common divisor of 532 and 1764.
28
What is the greatest common factor of 13 and 117?
13
What is the greatest common divisor of 1 and 1831?
1
What is the greatest common factor of 365 and 1752?
73
What is the highest common factor of 6 and 18?
6
What is the greatest common divisor of 56 and 217?
7
Calculate the greatest common divisor of 94 and 1786.
94
Calculate the highest common factor of 1522 and 2.
2
Calculate the highest common factor of 1166 and 88.
22
Calculate the greatest common factor of 154 and 98.
14
What is the highest common divisor of 187 and 51?
17
What is the greatest common factor of 144 and 162?
18
What is the highest common factor of 22618 and 430?
86
Calculate the highest common divisor of 11 and 5401.
11
Calculate the highest common factor of 334 and 8.
2
What is the highest common divisor of 39 and 225?
3
What is the highest common divisor of 44 and 68?
4
What is the greatest common factor of 93 and 16647?
93
What is the greatest common divisor of 1679 and 437?
23
Calculate the greatest common factor of 2416 and 16.
16
Calculate the greatest common divisor of 60 and 10995.
15
What is the highest common factor of 14 and 14?
14
What is the greatest common factor of 26 and 4?
2
What is the greatest common divisor of 972 and 348?
12
What is the highest common divisor of 118 and 16?
2
Calculate the highest common divisor of 4 and 2.
2
What is the highest common divisor of 518 and 14?
14
Calculate the highest common factor of 42 and 5446.
14
Calculate the highest common divisor of 96 and 300.
12
Calculate the highest common factor of 1053 and 234.
117
What is the greatest common divisor of 125 and 125?
125
Calculate the highest common divisor of 77 and 1639.
11
What is the highest common factor of 8421 and 231?
21
What is the highest common factor of 4030 and 130?
130
What is the highest common factor of 2 and 19?
1
Calculate the highest common divisor of 38 and 95.
19
What is the greatest common divisor of 91 and 611?
13
What is the greatest common factor of 459 and 17?
17
What is the greatest common factor of 12 and 16980?
12
Calculate the greatest common divisor of 1080 and 320.
40
Calculate the greatest common divisor of 114 and 76.
38
What is the highest common divisor of 1334 and 87?
29
Calculate the highest common factor of 396 and 18.
18
Calculate the highest common factor of 11 and 3179.
11
What is the highest common factor of 19046 and 712?
178
What is the greatest common divisor of 60 and 255?
15
What is the greatest common divisor of 46 and 1679?
23
Calculate the greatest common factor of 51 and 136.
17
Calculate the greatest common factor of 28 and 189.
7
Calculate the highest common divisor of 7476 and 28.
28
What is the greatest common divisor of 225 and 40?
5
Calculate the greatest common factor of 20 and 100.
20
Calculate the greatest common divisor of 21532 and 28.
28
What is the greatest common factor of 981 and 9?
9
Calculate the highest common factor of 14 and 26278.
14
What is the greatest common divisor of 3 and 9609?
3
What is the highest common divisor of 370 and 5254?
74
What is the highest common factor of 44 and 22?
22
What is the highest common factor of 475 and 95?
95
Calculate the highest common divisor of 185 and 5.
5
What is the highest common factor of 112 and 592?
16
What is the greatest common divisor of 66 and 12?
6
What is the greatest common factor of 39978 and 36?
18
What is the highest common divisor of 24 and 80?
8
What is the greatest common factor of 235 and 376?
47
What is the greatest common divisor of 15 and 20535?
15
What is the highest common divisor of 1634 and 950?
38
What is the highest common factor of 64 and 64?
64
Calculate the highest common factor of 7885 and 475.
95
Calculate the greatest common divisor of 39 and 1365.
39
Calculate the highest common divisor of 126 and 57666.
42
What is the highest common divisor of 10 and 610?
10
Calculate the greatest common divisor of 3450 and 600.
150
What is the highest common factor of 92 and 230?
46
Calculate the highest common factor of 12 and 1734.
6
Calculate the highest common factor of 38 and 38.
38
Calculate the greatest common factor of 16 and 134.
2
What is the greatest common divisor of 6667 and 118?
59
What is the highest common divisor of 85 and 221?
17
Calculate the highest common factor of 48 and 492.
12
Calculate the greatest common divisor of 240 and 12640.
80
Calculate the highest common divisor of 46 and 23.
23
What is the highest common divisor of 45 and 45?
45
Calculate the greatest common divisor of 288 and 72.
72
Calculate the greatest common factor of 26004 and 132.
132
What is the highest common divisor of 22 and 74118?
22
Calculate the highest common factor of 248 and 62.
62
Calculate the highest common divisor of 29 and 87.
29
Calculate the greatest common factor of 17 and 119.
17
Calculate the highest common divisor of 99 and 22.
11
Calculate the highest common divisor of 4806 and 108.
54
Calculate the greatest common factor of 6352 and 48.
16
What is the greatest common factor of 35304 and 24?
24
What is the highest common factor of 154 and 56?
14
What is the highest common divisor of 1156 and 6647?
289
Calculate the highest common divisor of 1012 and 176.
44
What is the greatest common factor of 4 and 284?
4
Calculate the greatest common factor of 60 and 18948.
12
What is the greatest common divisor of 59 and 295?
59
What is the greatest common divisor of 432 and 60?
12
Calculate the greatest common divisor of 1 and 2.
1
Calculate the highest common divisor of 273 and 147.
21
What is the highest common factor of 21 and 231?
21
What is the highest common divisor of 22 and 1881?
11
What is the greatest common factor of 150 and 800?
50
Calculate the highest common factor of 14 and 9758.
14
Calculate the greatest common factor of 1330 and 70.
70
Calculate the highest common factor of 138 and 23.
23
What is the greatest common divisor of 13689 and 81?
81
Calculate the greatest common factor of 28006 and 209.
209
Calculate the highest common factor of 22 and 45914.
22
Calculate the highest common factor of 72 and 204.
12
Calculate the highest common divisor of 13 and 32.
1
Calculate the greatest common divisor of 1457 and 799.
47
Calculate the highest common factor of 3402 and 14.
14
What is the greatest common divisor of 5418 and 215?
43
Calculate the highest common divisor of 980 and 105.
35
Calculate the highest common factor of 316 and 3713.
79
What is the highest common divisor of 731 and 473?
43
Calculate the highest common factor of 616 and 21.
7
Calculate the highest common divisor of 7021 and 28.
7
Calculate the greatest common factor of 378 and 168.
42
What is the greatest common factor of 238 and 14?
14
Calculate the highest common factor of 477 and 10229.
53
What is the greatest common divisor of 6 and 618?
6
What is the highest common factor of 48 and 4044?
12
W